(5 + -8 + 6 - 4) + 8
7
Evaluate (0 + -15 - (174 + -185)) + 38.
34
Calculate 15 - ((-7 - -13) + 2).
7
What is -14 - 5 - -8 - (-28 + 20)?
-3
-14 + 24 + (-1 - 10)
-1
4 + -2 - -7 - (-27 + 27) - 4
5
-14 + -2 + -13 + (-7 - -17)
-19
What is the value of -7 + (-1 - -22) + 176 + -175?
15
What is 7 + (1 - 8) + (11 - (7 + 0))?
4
Evaluate 4 - -14 - 12 - (20 + -2 - -1).
-13
Calculate (3 - 0) + (-25 + 14 - -11).
3
(-5 + 11 + -6 - 4) + 4
0
What is the value of -10 - (7 - (19 - -2))?
4
Calculate (-13 - -1) + 12 + -6 + -1 + 1.
-6
(0 - -8 - -16) + -1 + -14
9
What is the value of -16 - (-29 + 0) - 18?
-5
Calculate 34 + (-13 - -7) - (-9 - -25).
12
(26 - 27) + (-11 + -13 - (-1 + -3))
-21
-39 - (-34 - (-28 + 24))
-9
Calculate -5 + 0 - (-47 + 47) - (-24 + 33).
-14
What is (-3 - 7) + (16 - 1)?
5
(5 - -9) + -24 + 6 - (-7 - -2)
1
Evaluate 2 + (-1 - 4) + (9 - 11 - -5).
0
Calculate 29 - (-28 + 9 + 31).
17
Evaluate 0 + 15 + -21 - -10.
4
What is (66 - 60) + -40 + (11 - 0)?
-23
Calculate (-29 - (-84 - -41)) + -30.
-16
What is -19 - (-1 - (6 + 9)) - -28?
25
-8 + 9 + 14 + -8 + (-22 - -1)
-14
Evaluate -1 + -1 - (-8 - (-11 - 7 - -7)).
-5
What is -6 + -2 + -1 + -6 + 7?
-8
-4 + (25 - (4 + 6))
11
Calculate 55 + (-23 - 2) - 25.
5
Calculate 2 + 1 + -3 - (32 + -24).
-8
Evaluate -12 + (0 - (1 + -2)).
-11
Evaluate 14 - ((0 - -4) + 1).
9
Evaluate 11 + 1 - ((-25 - -4) + 22).
11
Calculate 13 + 15 + -10 + -10.
8
Calculate -3 + 18 + -15 - -2.
2
Evaluate -6 - (-21 + 28 + -3 + -10 + -5).
5
What is (-15 + 6 + 13 - -14) + -5?
13
Evaluate 7 - ((0 + 1 - (-51 + 52)) + 19).
-12
What is the value of (0 + (-10 - -22) - 14) + (0 - -9)?
7
11 + 30 + (-5 - 8) + -7
21
Calculate -32 - (-26 - -38) - -82.
38
What is the value of 5 + (-5 - (14 - 7)) + 12?
5
What is (15 + -20 - 15) + -6?
-26
314 - 309 - (-2 + 28 + 0)
-21
Evaluate -9 + 0 + (-1 + 8 - (56 - 50)).
-8
Calculate (-7 - (-2 - 1)) + (-173 - -188).
11
(-7 - (-13 + -4 - -1)) + 18 + -13
14
What is the value of -19 + 14 + 1 - 10?
-14
What is 6 + -6 + 3 - (6 + 4 + -1)?
-6
-22 - (18 + (-24 - 23))
7
What is (16 - (-8 - -58)) + 3?
-31
(-29 - -25) + 1 - (6 + 2 - 1)
-10
Evaluate -1 - 17 - (-15 + -27 + 33).
-9
-8 - (-1 - 6 - -4) - (280 + -287)
2
What is (-8 - -39 - 8) + -29?
-6
What is the value of 1029 + -1035 + -1 + (8 + 2 - 2)?
1
What is 20 + (-30 - (-40 - -12))?
18
Evaluate -14 + (-6 - -16) + -9.
-13
(27 - 29 - -28) + -6
20
Calculate -29 + (8 - (-5 + -6 - -8)).
-18
13 + (11 - (-3 + 14)) - -5
18
What is the value of 30 - ((-7 - -7) + -3) - (3 + 6)?
24
What is the value of (0 - -14) + 165 + -177?
2
Evaluate 49 - 74 - (-50 - 1).
26
-7 + 13 + (10 - 17) - 11
-12
What is (-15 - -6) + -6 + -8 + -5?
-28
Evaluate (11 - 9) + (1 - -8) + -8.
3
What is the value of 0 + 5 - (-91 - -34 - -43)?
19
(-54 + 54 - (7 + 1)) + 31
23
Calculate -22 - (34 + -15) - -25.
-16
What is -4 - -4 - (9 - 2) - -10?
3
What is the value of -8 - (1 + 6 + -5 - 3)?
-7
Evaluate 11 + -2 - (26 - (-34 - -54)).
3
What is 17 + 3 + -1 + -4 - -2?
17
Evaluate -3 - (-9 - (-15 + 18)).
9
What is (-58 - (42 - 102)) + -3 + -1 + 3?
1
(-3 + (18 - 14) - (1 - -14)) + 4
-10
Evaluate -7 + 0 + 18 + 1 + 7.
19
What is -29 + (35 - 45) + 15?
-24
What is (-170 - -158) + (10 - 1)?
-3
Evaluate 18 + (-15 - -7) - 7 - -3.
6
What is (14 - 14) + 1 - (0 - 9)?
10
33 + -12 + -31 - (0 + -1 + 0)
-9
Evaluate 7 - (-1 - (1 + -3)) - -3 - 9.
0
Evaluate -7 - 29 - (125 + -133).
-28
Calculate (1 - (-1 - 1)) + 56 + -51 + 0.
8
(2 - 1) + -4 - (247 - 274)
24
What is the value of -153 + 149 + (-1 - -14)?
9
What is (-2 - (1 + 0 - 9)) + (144 - 141)?
9
What is 2 + -10 + -4 + 16 - -8?
12
Calculate 22 + -3 + 7 + -7 + 3 + -10.
12
-12 - 0 - (821 + -824)
-9
(12 - (2 + -11 + 25)) + (25 - 0)
21
What is -16 + (57 - (33 - 1))?
9
(-5 - -8) + -2 + 3 + 2
6
What is (-43 + 64 - (-1 - (-2 - -5))) + -5?
20
What is the value of -7 + (7 + -5 - (4 + -4 + -1))?
-4
Evaluate -20 + 13 + -13 + 8.
-12
What is (6 - -6) + -8 - (-1 + 16 + 1)?
-12
Calculate 52 + -1 - ((-47 - -77) + -12).
33
Evaluate (0 - 0) + 10 + (5 - 12 - 3).
0
-21 - (0 - 2 - (27 + -34)) - -6
-20
What is (11 - -7) + -40 - 0?
-22
Calculate (5 - (-14 + 2)) + (-4 - 1).
12
Evaluate 4 + -4 + 1 + 4 + (146 - 151).
0
What is the value of -26 + 17 + (-6 - 6) - (-5 + -2)?
-14
Evaluate -72 + 61 - (13 - (2 - -4)).
-18
Calculate -3 + 14 + -10 - 4.
-3
What is (-88 - -98) + (1 - 6)?
5
What is 16 + -5 + -5 + (2 - -7) + 1?
16
What is the value of 2 + 1 - (2 + -4 - (3 + 1))?
9
12 + -8 + -2 + 11 + -7
6
What is the value of -17 + -6 + 51 + (2 - 10)?
20
What is 15 - (-9 + (2 - -14))?
8
Evaluate 3 - -1 - ((8 - 7) + 0 + -8).
11
1 - 8 - (-2 + 6 - 13 - 11)
13
What is the value of (0 + -3 - -4 - -5) + 20 + -22?
4
What is (16 + -37 - -13) + 6 + 1?
-1
Evaluate 9 + -9 + 6 - 14 - -14 - 8.
-2
-5 - (5 - (-3 - -11)) - (2 + -15)
11
Evaluate 5 + -26 + 19 + -3.
-5
Calculate 6 + (-8 - (-3 - -13)) - -36.
24
What is the value of -21 + (6 - 12) + 9 + (-5 - 0)?
-23
96 + -102 + 14 + -2
6
What is (-1 + -6 - (34 + -43)) + -37?
-35
Evaluate -33 + 14 - -10 - 3.
-12
What is the value of 0 - 25 - (1917 - 1961)?
19
Evaluate (0 - -15) + (92 - 118).
-11
Evaluate -2 - 2 - (1 - 11 - (-8 - 2)).
-4
-16 + 45 + -19 + -17
-7
What is the value of 6 + 17 + -5 + -4 + (0 - -2)?
16
-39 - (7 - (27 - -1))
-18
What is the value of (-3 - 2) + -3 - (-3 - -6)?
-11
Evaluate -7 + 9 + (-10 - -2) + -4.
-10
What is 0 + -8 - (-5 + 3) - (-11 + 20)?
-15
Calculate 10 + 4 - (6 + (18 - 26)).
16
Calculate -11 + 0 + -2 + 8 + -13 + 0.
-18
What is the value of 8 + 14 + (-27 - 10) - 10?
-25
What is -5 + 13 + -29 + 1 + (-10 - -17)?
-13
Evaluate -18 + 25 - 15 - -3.
-5
Calculate 7 + 0 + (-314 - -298).
-9
What is the value of (-34 - 2) + 140 + -119?
-15
What is the value of -14 + (21 - 3) + (-19 - -6)?
-9
-16 - (-7 - (-1 - -20))
10
Calculate 0 - (110 - 90 - (3 + 0) - -1).
-18
What is -4 + (-5 - -3) - (-46 - -25)?
15
What is the value of -1 - 5 - (14 + 109 - 109)?
-20
What is the value of -61 - (-50 - 1) - (1 + -1 + -10)?
0
What is (559 - 551) + -33 + (-3 - 1)?
-29
What is the value of -2 + (-1 - 0 - (-19 - -21))?
-5
Calculate -92 - -86 - (-1 + 3 - -24 - 3).
-29
Evaluate -1 + -23 + (109 - 86).
-1
What is the value of (-3 - 16) + 4 + (-8 - (2 - 3))?
-22
What is -9 - (-5 - (-5 - 3))?
-12
Evaluate (34 - 1 - (-49 - -52)) + -7 - -7.
30
What is -13 - (7 + (3 - 5) + -6)?
-12
Calculate (-7 - (30 - 52)) + -10.
5
What is (-1 - -23) + -510 + 470?
-18
Evaluate -3 + -10 + 0 - (-35 + 34).
-12
Evaluate 13 - ((66 - 19) + -23).
-11
1 + (-8 - (-29 + 13)) - -1
10
What is the value of (-4 - -2) + -34 + 44 + (-2 - 2)?
4
Calculate (-287 - -249) + 19 + 1.
-18
-14 + 15 + -28 + 38 + (-7 - -1)
5
-4 + 1 + (-5 - -3 - -15)
10
Evaluate 1 - 3 - 2 - (-18 + 19 + -14).
9
What is the value of -18 - (-21 - (-24 - 8) - (8 - 1))?
-22
What is 2 - (19 - 1 - 17)?
1
What is 24 + -31 + 27 + -26?
-6
(-51 - -6) + 49 - (1 - 5)
8
Evaluate 9 + (-55 + 47 - (1 + -13)).
13
What is 2 + (-4 - -5) + -8?
-5
(-19 - -9) + -11 - -14
-7
Calculate -1 + 1 + -266 + 284.
18
Calculate -11 + 28 + -3 + 5 + -14.
5
Evaluate 34 - (-7 - (6 - 21)) - 7.
19
Evaluate (-2 + -1 - -1) + (-27 - -8) + 24.
3
Evaluate 10 + (-4 - -8) + (6 - 0).
20
What is -15 - 21 - -57 - 18?
3
Calculate 3 + -13 + -19 - -11.
-18
What is the value of -27 - (0 + (-17 - 8))?
-2
Calculate 8 + (12 - 23 - 12).
-15
-22 - (-6 + -20 + -26)
30
What is -28 - (-3 + (-33 - -18))?
-10
What is the value of 0 + ((-7 - 10) + 12 - -1) - -32?
28
Evaluate 131 - 111 - (-1 + (2 - -6)) - -2.
15
Calculate 21 + 14 + -35 - ((1 - -5) + -1).
-5
What is the value of (9 - 14) + (34 - 15)?
14
Calculate -14 + 14 + (-10 - 4) - -9.
-5
What is 3 - 2 - (-9 - -11) - (10 - 24)?
13
Calculate 1 + -23 + (209 - 179).
8
Calculate -1 + 4 - -5 - (3 - (-3 - -1)).
3
Evaluate 15 - (15 - (13 + -21)) - -36.
28
What is 3 + (-3 - -3) + (-21 - 11) + 7?
-22
What is the value of 9 + (0 + 29 - 11 - -7)?
34
-39 + (114 - 68) + (-1 - 26 - 2)
-22
Calculate (1 - -7) + (-10 - -8).
6
Calculate -11 + (8 - -7) + 1.
5
(-5 + 19 - -5) + -19
0
Calculate -14 + (11 - 2) + 16.
11
Evaluate 21 + (50 - 19) + -33.
19
What is -11 - -40 - 23 - 0?
6
What is 8 - (-4 + 3 - -8) - (-15 + -5)?
21
What is the value of (-6 - (-17 + 6)) + -19 + 18?
4
What is 498 - 494 - (-15 - (1 + -1))?
19
What is 19 - (9 - (19 + (-21 - -10)))?
18
What is the value of 1 + -2 - (548 + -555)?
6
